{"id":684,"date":"2025-01-16T16:24:15","date_gmt":"2025-01-16T15:24:15","guid":{"rendered":"https:\/\/drelindrelin.com\/?post_type=product&#038;p=684"},"modified":"2025-01-16T17:57:53","modified_gmt":"2025-01-16T16:57:53","slug":"boucles-doreilles-4","status":"publish","type":"product","link":"https:\/\/drelindrelin.com\/index.php\/produit\/boucles-doreilles-4\/","title":{"rendered":"Boucles d&#8217;oreilles"},"content":{"rendered":"<p>Marqueterie de cuir.<\/p>\n<p>Trio de cuirs verts.<\/p>\n<p>Attaches en Argent 925 hypoallerg\u00e9nique plaqu\u00e9es or.<\/p>\n<p>Fabriqu\u00e9es artisanalement \u00e0 la main.<\/p>\n","protected":false},"excerpt":{"rendered":"<p>Marqueterie de cuir. Trio de cuirs verts. Attaches en Argent 925 hypoallerg\u00e9nique plaqu\u00e9es or. Fabriqu\u00e9es artisanalement \u00e0 la main.<\/p>\n","protected":false},"featured_media":670,"comment_status":"open","ping_status":"closed","template":"","meta":[],"product_cat":[26],"product_tag":[],"class_list":{"0":"post-684","1":"product","2":"type-product","3":"status-publish","4":"has-post-thumbnail","6":"product_cat-boucles-doreilles","8":"first","9":"instock","10":"shipping-taxable","11":"purchasable","12":"product-type-simple"},"jetpack_sharing_enabled":true,"_links":{"self":[{"href":"https:\/\/drelindrelin.com\/index.php\/wp-json\/wp\/v2\/product\/684","targetHints":{"allow":["GET"]}}],"collection":[{"href":"https:\/\/drelindrelin.com\/index.php\/wp-json\/wp\/v2\/product"}],"about":[{"href":"https:\/\/drelindrelin.com\/index.php\/wp-json\/wp\/v2\/types\/product"}],"replies":[{"embeddable":true,"href":"https:\/\/drelindrelin.com\/index.php\/wp-json\/wp\/v2\/comments?post=684"}],"wp:featuredmedia":[{"embeddable":true,"href":"https:\/\/drelindrelin.com\/index.php\/wp-json\/wp\/v2\/media\/670"}],"wp:attachment":[{"href":"https:\/\/drelindrelin.com\/index.php\/wp-json\/wp\/v2\/media?parent=684"}],"wp:term":[{"taxonomy":"product_cat","embeddable":true,"href":"https:\/\/drelindrelin.com\/index.php\/wp-json\/wp\/v2\/product_cat?post=684"},{"taxonomy":"product_tag","embeddable":true,"href":"https:\/\/drelindrelin.com\/index.php\/wp-json\/wp\/v2\/product_tag?post=684"}],"curies":[{"name":"wp","href":"https:\/\/api.w.org\/{rel}","templated":true}]}}