{"id":426,"date":"2024-09-09T11:56:09","date_gmt":"2024-09-09T09:56:09","guid":{"rendered":"https:\/\/drelindrelin.com\/?post_type=product&#038;p=426"},"modified":"2025-03-10T09:31:44","modified_gmt":"2025-03-10T08:31:44","slug":"porte-cles-coeur","status":"publish","type":"product","link":"https:\/\/drelindrelin.com\/index.php\/produit\/porte-cles-coeur\/","title":{"rendered":"Porte-cl\u00e9s c\u0153ur"},"content":{"rendered":"<p>Porte-cl\u00e9s en cuir r\u00e9alis\u00e9 \u00e0 la main.<\/p>\n<p>Cuir issus des stocks dormants de grandes maisons de luxe.<br \/>\nVendu avec son pochon.<\/p>\n","protected":false},"excerpt":{"rendered":"<p>Porte-cl\u00e9s en cuir r\u00e9alis\u00e9 \u00e0 la main. Cuir issus des stocks dormants de grandes maisons de luxe. Vendu avec son pochon.<\/p>\n","protected":false},"featured_media":435,"comment_status":"open","ping_status":"closed","template":"","meta":[],"product_cat":[24],"product_tag":[],"class_list":{"0":"post-426","1":"product","2":"type-product","3":"status-publish","4":"has-post-thumbnail","6":"product_cat-porte-cles","8":"first","9":"instock","10":"shipping-taxable","11":"purchasable","12":"product-type-variable"},"jetpack_sharing_enabled":true,"_links":{"self":[{"href":"https:\/\/drelindrelin.com\/index.php\/wp-json\/wp\/v2\/product\/426","targetHints":{"allow":["GET"]}}],"collection":[{"href":"https:\/\/drelindrelin.com\/index.php\/wp-json\/wp\/v2\/product"}],"about":[{"href":"https:\/\/drelindrelin.com\/index.php\/wp-json\/wp\/v2\/types\/product"}],"replies":[{"embeddable":true,"href":"https:\/\/drelindrelin.com\/index.php\/wp-json\/wp\/v2\/comments?post=426"}],"wp:featuredmedia":[{"embeddable":true,"href":"https:\/\/drelindrelin.com\/index.php\/wp-json\/wp\/v2\/media\/435"}],"wp:attachment":[{"href":"https:\/\/drelindrelin.com\/index.php\/wp-json\/wp\/v2\/media?parent=426"}],"wp:term":[{"taxonomy":"product_cat","embeddable":true,"href":"https:\/\/drelindrelin.com\/index.php\/wp-json\/wp\/v2\/product_cat?post=426"},{"taxonomy":"product_tag","embeddable":true,"href":"https:\/\/drelindrelin.com\/index.php\/wp-json\/wp\/v2\/product_tag?post=426"}],"curies":[{"name":"wp","href":"https:\/\/api.w.org\/{rel}","templated":true}]}}