{"id":259,"date":"2024-07-22T15:17:10","date_gmt":"2024-07-22T13:17:10","guid":{"rendered":"https:\/\/drelindrelin.com\/?page_id=259"},"modified":"2024-07-22T16:35:21","modified_gmt":"2024-07-22T14:35:21","slug":"la-marque-2","status":"publish","type":"page","link":"https:\/\/drelindrelin.com\/index.php\/la-marque-2\/","title":{"rendered":"La Marque"},"content":{"rendered":"<div class=\"wp-block-cover aligncenter is-light\"><span aria-hidden=\"true\" class=\"wp-block-cover__background has-background-dim\" style=\"background-color:#99a7b5\"><\/span><img loading=\"lazy\" decoding=\"async\" width=\"2461\" height=\"1311\" class=\"wp-block-cover__image-background wp-image-273\" alt=\"\" src=\"https:\/\/drelindrelin.com\/wp-content\/uploads\/2024\/07\/IMG_20240630_092107-e1721654551270.jpg\" data-object-fit=\"cover\" srcset=\"https:\/\/drelindrelin.com\/wp-content\/uploads\/2024\/07\/IMG_20240630_092107-e1721654551270.jpg 2461w, https:\/\/drelindrelin.com\/wp-content\/uploads\/2024\/07\/IMG_20240630_092107-e1721654551270-300x160.jpg 300w, https:\/\/drelindrelin.com\/wp-content\/uploads\/2024\/07\/IMG_20240630_092107-e1721654551270-1024x545.jpg 1024w, https:\/\/drelindrelin.com\/wp-content\/uploads\/2024\/07\/IMG_20240630_092107-e1721654551270-768x409.jpg 768w, https:\/\/drelindrelin.com\/wp-content\/uploads\/2024\/07\/IMG_20240630_092107-e1721654551270-1536x818.jpg 1536w, https:\/\/drelindrelin.com\/wp-content\/uploads\/2024\/07\/IMG_20240630_092107-e1721654551270-2048x1091.jpg 2048w, https:\/\/drelindrelin.com\/wp-content\/uploads\/2024\/07\/IMG_20240630_092107-e1721654551270-1320x703.jpg 1320w, https:\/\/drelindrelin.com\/wp-content\/uploads\/2024\/07\/IMG_20240630_092107-e1721654551270-600x320.jpg 600w\" sizes=\"auto, (max-width: 2461px) 100vw, 2461px\" \/><div class=\"wp-block-cover__inner-container is-layout-constrained wp-block-cover-is-layout-constrained\"><p class=\"has-text-align-center has-large-font-size\">Des cuirs d&#8217;exceptions issus des stocks dormants<\/p><\/div><\/div><p><p align=\"LEFT\" style=\"margin-bottom: 0cm;\">Tout mes cuirs sont issus de surstocks, que je s\u00e9lectionne avec soin au sein de La Trouvaille, La R\u00e9serve des Arts ou encore Cuir de Paname.<br>Cela me permet de travailler sur des cuirs d\u2019exceptions tout en ayant une d\u00e9marche de r\u00e9emploi de la mati\u00e8re premi\u00e8re.<\/p><\/p><div class=\"wp-block-jetpack-tiled-gallery aligncenter is-style-rectangular\"><div class=\"\"><div class=\"tiled-gallery__gallery\"><div class=\"tiled-gallery__row\"><div class=\"tiled-gallery__col\" style=\"flex-basis:66.74009%\"><figure class=\"tiled-gallery__item\"><img decoding=\"async\" srcset=\"https:\/\/i2.wp.com\/drelindrelin.com\/wp-content\/uploads\/2024\/07\/GridArt_20240629_101712033_edit_728856646739366-1024x1024.jpg?strip=info&#038;w=600&#038;ssl=1 600w,https:\/\/i2.wp.com\/drelindrelin.com\/wp-content\/uploads\/2024\/07\/GridArt_20240629_101712033_edit_728856646739366-1024x1024.jpg?strip=info&#038;w=900&#038;ssl=1 900w,https:\/\/i2.wp.com\/drelindrelin.com\/wp-content\/uploads\/2024\/07\/GridArt_20240629_101712033_edit_728856646739366-1024x1024.jpg?strip=info&#038;w=1200&#038;ssl=1 1200w,https:\/\/i2.wp.com\/drelindrelin.com\/wp-content\/uploads\/2024\/07\/GridArt_20240629_101712033_edit_728856646739366-1024x1024.jpg?strip=info&#038;w=1500&#038;ssl=1 1500w,https:\/\/i2.wp.com\/drelindrelin.com\/wp-content\/uploads\/2024\/07\/GridArt_20240629_101712033_edit_728856646739366-1024x1024.jpg?strip=info&#038;w=1800&#038;ssl=1 1800w,https:\/\/i2.wp.com\/drelindrelin.com\/wp-content\/uploads\/2024\/07\/GridArt_20240629_101712033_edit_728856646739366-1024x1024.jpg?strip=info&#038;w=2000&#038;ssl=1 2000w\" alt=\"\" data-height=\"2560\" data-id=\"261\" data-link=\"https:\/\/drelindrelin.com\/gridart_20240629_101712033_edit_728856646739366\/\" data-url=\"https:\/\/drelindrelin.com\/wp-content\/uploads\/2024\/07\/GridArt_20240629_101712033_edit_728856646739366-1024x1024.jpg\" data-width=\"2560\" src=\"https:\/\/i2.wp.com\/drelindrelin.com\/wp-content\/uploads\/2024\/07\/GridArt_20240629_101712033_edit_728856646739366-1024x1024.jpg?ssl=1\" data-amp-layout=\"responsive\"\/><\/figure><\/div><div class=\"tiled-gallery__col\" style=\"flex-basis:33.25991%\"><figure class=\"tiled-gallery__item\"><img decoding=\"async\" srcset=\"https:\/\/i2.wp.com\/drelindrelin.com\/wp-content\/uploads\/2024\/07\/GridArt_20240629_102130906-1024x1024.jpg?strip=info&#038;w=600&#038;ssl=1 600w,https:\/\/i2.wp.com\/drelindrelin.com\/wp-content\/uploads\/2024\/07\/GridArt_20240629_102130906-1024x1024.jpg?strip=info&#038;w=900&#038;ssl=1 900w,https:\/\/i2.wp.com\/drelindrelin.com\/wp-content\/uploads\/2024\/07\/GridArt_20240629_102130906-1024x1024.jpg?strip=info&#038;w=1200&#038;ssl=1 1200w,https:\/\/i2.wp.com\/drelindrelin.com\/wp-content\/uploads\/2024\/07\/GridArt_20240629_102130906-1024x1024.jpg?strip=info&#038;w=1500&#038;ssl=1 1500w,https:\/\/i2.wp.com\/drelindrelin.com\/wp-content\/uploads\/2024\/07\/GridArt_20240629_102130906-1024x1024.jpg?strip=info&#038;w=1800&#038;ssl=1 1800w,https:\/\/i2.wp.com\/drelindrelin.com\/wp-content\/uploads\/2024\/07\/GridArt_20240629_102130906-1024x1024.jpg?strip=info&#038;w=2000&#038;ssl=1 2000w\" alt=\"\" data-height=\"2560\" data-id=\"263\" data-link=\"https:\/\/drelindrelin.com\/gridart_20240629_102130906\/\" data-url=\"https:\/\/drelindrelin.com\/wp-content\/uploads\/2024\/07\/GridArt_20240629_102130906-1024x1024.jpg\" data-width=\"2560\" src=\"https:\/\/i2.wp.com\/drelindrelin.com\/wp-content\/uploads\/2024\/07\/GridArt_20240629_102130906-1024x1024.jpg?ssl=1\" data-amp-layout=\"responsive\"\/><\/figure><figure class=\"tiled-gallery__item\"><img decoding=\"async\" srcset=\"https:\/\/i1.wp.com\/drelindrelin.com\/wp-content\/uploads\/2024\/07\/GridArt_20240710_235831594-1024x1024.jpg?strip=info&#038;w=600&#038;ssl=1 600w,https:\/\/i1.wp.com\/drelindrelin.com\/wp-content\/uploads\/2024\/07\/GridArt_20240710_235831594-1024x1024.jpg?strip=info&#038;w=900&#038;ssl=1 900w,https:\/\/i1.wp.com\/drelindrelin.com\/wp-content\/uploads\/2024\/07\/GridArt_20240710_235831594-1024x1024.jpg?strip=info&#038;w=1200&#038;ssl=1 1200w,https:\/\/i1.wp.com\/drelindrelin.com\/wp-content\/uploads\/2024\/07\/GridArt_20240710_235831594-1024x1024.jpg?strip=info&#038;w=1500&#038;ssl=1 1500w,https:\/\/i1.wp.com\/drelindrelin.com\/wp-content\/uploads\/2024\/07\/GridArt_20240710_235831594-1024x1024.jpg?strip=info&#038;w=1800&#038;ssl=1 1800w,https:\/\/i1.wp.com\/drelindrelin.com\/wp-content\/uploads\/2024\/07\/GridArt_20240710_235831594-1024x1024.jpg?strip=info&#038;w=2000&#038;ssl=1 2000w\" alt=\"\" data-height=\"2560\" data-id=\"271\" data-link=\"https:\/\/drelindrelin.com\/gridart_20240710_235831594\/\" data-url=\"https:\/\/drelindrelin.com\/wp-content\/uploads\/2024\/07\/GridArt_20240710_235831594-1024x1024.jpg\" data-width=\"2560\" src=\"https:\/\/i1.wp.com\/drelindrelin.com\/wp-content\/uploads\/2024\/07\/GridArt_20240710_235831594-1024x1024.jpg?ssl=1\" data-amp-layout=\"responsive\"\/><\/figure><\/div><\/div><\/div><\/div><\/div><div class=\"wp-block-cover is-light\"><span aria-hidden=\"true\" class=\"wp-block-cover__background has-background-dim\" style=\"background-color:#a6968c\"><\/span><img loading=\"lazy\" decoding=\"async\" width=\"2560\" height=\"1556\" class=\"wp-block-cover__image-background wp-image-212\" alt=\"\" src=\"https:\/\/drelindrelin.com\/wp-content\/uploads\/2024\/04\/Vide-Poche-scaled.jpg\" data-object-fit=\"cover\" srcset=\"https:\/\/drelindrelin.com\/wp-content\/uploads\/2024\/04\/Vide-Poche-scaled.jpg 2560w, https:\/\/drelindrelin.com\/wp-content\/uploads\/2024\/04\/Vide-Poche-300x182.jpg 300w, https:\/\/drelindrelin.com\/wp-content\/uploads\/2024\/04\/Vide-Poche-1024x622.jpg 1024w, https:\/\/drelindrelin.com\/wp-content\/uploads\/2024\/04\/Vide-Poche-768x467.jpg 768w, https:\/\/drelindrelin.com\/wp-content\/uploads\/2024\/04\/Vide-Poche-1536x933.jpg 1536w, https:\/\/drelindrelin.com\/wp-content\/uploads\/2024\/04\/Vide-Poche-2048x1244.jpg 2048w, https:\/\/drelindrelin.com\/wp-content\/uploads\/2024\/04\/Vide-Poche-1320x802.jpg 1320w, https:\/\/drelindrelin.com\/wp-content\/uploads\/2024\/04\/Vide-Poche-600x365.jpg 600w\" sizes=\"auto, (max-width: 2560px) 100vw, 2560px\" \/><div class=\"wp-block-cover__inner-container is-layout-constrained wp-block-cover-is-layout-constrained\"><p class=\"has-text-align-center has-large-font-size\">La marqueterie cuir<\/p><\/div><\/div><p>Cette technique consiste \u00e0 coller plusieurs morceaux de cuir bord \u00e0 bord afin de cr\u00e9er un motif. Avant la d\u00e9coupe, nous prenons soins d&#8217;\u00e9galiser les \u00e9paisseurs de chaque couleurs de cuirs afin que le rendu soit lisse et homog\u00e8ne au touch\u00e9. Tout les motifs sont minutieusement d\u00e9coup\u00e9s \u00e0 la main, afin que les morceaux s&#8217;assemblent parfaitement. Le tout est coll\u00e9 \u00e0 la main, ce qui assure un objet solide et durable. <\/p><div class=\"wp-block-jetpack-tiled-gallery aligncenter is-style-rectangular\"><div class=\"\"><div class=\"tiled-gallery__gallery\"><div class=\"tiled-gallery__row\"><div class=\"tiled-gallery__col\" style=\"flex-basis:72.31057%\"><figure class=\"tiled-gallery__item\"><img decoding=\"async\" srcset=\"https:\/\/i2.wp.com\/drelindrelin.com\/wp-content\/uploads\/2024\/07\/IMG_6490-1024x683.jpg?strip=info&#038;w=600&#038;ssl=1 600w,https:\/\/i2.wp.com\/drelindrelin.com\/wp-content\/uploads\/2024\/07\/IMG_6490-1024x683.jpg?strip=info&#038;w=900&#038;ssl=1 900w,https:\/\/i2.wp.com\/drelindrelin.com\/wp-content\/uploads\/2024\/07\/IMG_6490-1024x683.jpg?strip=info&#038;w=1200&#038;ssl=1 1200w,https:\/\/i2.wp.com\/drelindrelin.com\/wp-content\/uploads\/2024\/07\/IMG_6490-1024x683.jpg?strip=info&#038;w=1500&#038;ssl=1 1500w,https:\/\/i2.wp.com\/drelindrelin.com\/wp-content\/uploads\/2024\/07\/IMG_6490-1024x683.jpg?strip=info&#038;w=1800&#038;ssl=1 1800w,https:\/\/i2.wp.com\/drelindrelin.com\/wp-content\/uploads\/2024\/07\/IMG_6490-1024x683.jpg?strip=info&#038;w=2000&#038;ssl=1 2000w\" alt=\"\" data-height=\"1707\" data-id=\"278\" data-link=\"https:\/\/drelindrelin.com\/img_6490\/\" data-url=\"https:\/\/drelindrelin.com\/wp-content\/uploads\/2024\/07\/IMG_6490-1024x683.jpg\" data-width=\"2560\" src=\"https:\/\/i2.wp.com\/drelindrelin.com\/wp-content\/uploads\/2024\/07\/IMG_6490-1024x683.jpg?ssl=1\" data-amp-layout=\"responsive\"\/><\/figure><\/div><div class=\"tiled-gallery__col\" style=\"flex-basis:27.68943%\"><figure class=\"tiled-gallery__item\"><img decoding=\"async\" srcset=\"https:\/\/i1.wp.com\/drelindrelin.com\/wp-content\/uploads\/2024\/07\/IMG_6500-1024x749.jpg?strip=info&#038;w=600&#038;ssl=1 600w,https:\/\/i1.wp.com\/drelindrelin.com\/wp-content\/uploads\/2024\/07\/IMG_6500-1024x749.jpg?strip=info&#038;w=900&#038;ssl=1 900w,https:\/\/i1.wp.com\/drelindrelin.com\/wp-content\/uploads\/2024\/07\/IMG_6500-1024x749.jpg?strip=info&#038;w=1200&#038;ssl=1 1200w,https:\/\/i1.wp.com\/drelindrelin.com\/wp-content\/uploads\/2024\/07\/IMG_6500-1024x749.jpg?strip=info&#038;w=1500&#038;ssl=1 1500w,https:\/\/i1.wp.com\/drelindrelin.com\/wp-content\/uploads\/2024\/07\/IMG_6500-1024x749.jpg?strip=info&#038;w=1800&#038;ssl=1 1800w,https:\/\/i1.wp.com\/drelindrelin.com\/wp-content\/uploads\/2024\/07\/IMG_6500-1024x749.jpg?strip=info&#038;w=2000&#038;ssl=1 2000w\" alt=\"\" data-height=\"1873\" data-id=\"279\" data-link=\"https:\/\/drelindrelin.com\/img_6500\/\" data-url=\"https:\/\/drelindrelin.com\/wp-content\/uploads\/2024\/07\/IMG_6500-1024x749.jpg\" data-width=\"2560\" src=\"https:\/\/i1.wp.com\/drelindrelin.com\/wp-content\/uploads\/2024\/07\/IMG_6500-1024x749.jpg?ssl=1\" data-amp-layout=\"responsive\"\/><\/figure><figure class=\"tiled-gallery__item\"><img decoding=\"async\" srcset=\"https:\/\/i0.wp.com\/drelindrelin.com\/wp-content\/uploads\/2024\/07\/IMG_6507-1024x1024.jpg?strip=info&#038;w=600&#038;ssl=1 600w,https:\/\/i0.wp.com\/drelindrelin.com\/wp-content\/uploads\/2024\/07\/IMG_6507-1024x1024.jpg?strip=info&#038;w=900&#038;ssl=1 900w,https:\/\/i0.wp.com\/drelindrelin.com\/wp-content\/uploads\/2024\/07\/IMG_6507-1024x1024.jpg?strip=info&#038;w=1200&#038;ssl=1 1200w,https:\/\/i0.wp.com\/drelindrelin.com\/wp-content\/uploads\/2024\/07\/IMG_6507-1024x1024.jpg?strip=info&#038;w=1500&#038;ssl=1 1500w,https:\/\/i0.wp.com\/drelindrelin.com\/wp-content\/uploads\/2024\/07\/IMG_6507-1024x1024.jpg?strip=info&#038;w=1800&#038;ssl=1 1800w,https:\/\/i0.wp.com\/drelindrelin.com\/wp-content\/uploads\/2024\/07\/IMG_6507-1024x1024.jpg?strip=info&#038;w=2000&#038;ssl=1 2000w\" alt=\"\" data-height=\"2560\" data-id=\"280\" data-link=\"https:\/\/drelindrelin.com\/img_6507\/\" data-url=\"https:\/\/drelindrelin.com\/wp-content\/uploads\/2024\/07\/IMG_6507-1024x1024.jpg\" data-width=\"2560\" src=\"https:\/\/i0.wp.com\/drelindrelin.com\/wp-content\/uploads\/2024\/07\/IMG_6507-1024x1024.jpg?ssl=1\" data-amp-layout=\"responsive\"\/><\/figure><\/div><\/div><\/div><\/div><\/div><div class=\"wp-block-cover is-light\"><span aria-hidden=\"true\" class=\"wp-block-cover__background has-background-dim\" style=\"background-color:#9297a1\"><\/span><img loading=\"lazy\" decoding=\"async\" width=\"2560\" height=\"1707\" class=\"wp-block-cover__image-background wp-image-241\" alt=\"\" src=\"https:\/\/drelindrelin.com\/wp-content\/uploads\/2024\/07\/IMG_7090-scaled.jpg\" data-object-fit=\"cover\" srcset=\"https:\/\/drelindrelin.com\/wp-content\/uploads\/2024\/07\/IMG_7090-scaled.jpg 2560w, https:\/\/drelindrelin.com\/wp-content\/uploads\/2024\/07\/IMG_7090-300x200.jpg 300w, https:\/\/drelindrelin.com\/wp-content\/uploads\/2024\/07\/IMG_7090-1024x683.jpg 1024w, https:\/\/drelindrelin.com\/wp-content\/uploads\/2024\/07\/IMG_7090-768x512.jpg 768w, https:\/\/drelindrelin.com\/wp-content\/uploads\/2024\/07\/IMG_7090-1536x1024.jpg 1536w, https:\/\/drelindrelin.com\/wp-content\/uploads\/2024\/07\/IMG_7090-2048x1365.jpg 2048w, https:\/\/drelindrelin.com\/wp-content\/uploads\/2024\/07\/IMG_7090-1320x880.jpg 1320w, https:\/\/drelindrelin.com\/wp-content\/uploads\/2024\/07\/IMG_7090-600x400.jpg 600w\" sizes=\"auto, (max-width: 2560px) 100vw, 2560px\" \/><div class=\"wp-block-cover__inner-container is-layout-constrained wp-block-cover-is-layout-constrained\"><p class=\"has-text-align-center has-large-font-size\">Des assemblages de couleurs uniques et \u00e9ph\u00e9m\u00e8res<\/p><\/div><\/div><p>Nos stocks de cuirs n&#8217;\u00e9tant pas suivis, les assemblages de couleurs se font au gr\u00e8s de nos recherches de peaux ou chutes. Nous prenons un grand soins de marier nos couleurs, et rares sont deux mod\u00e8les identiques !  <\/p><p><\/p><div class=\"wp-block-jetpack-tiled-gallery aligncenter is-style-rectangular\"><div class=\"\"><div class=\"tiled-gallery__gallery\"><div class=\"tiled-gallery__row\"><div class=\"tiled-gallery__col\" style=\"flex-basis:66.79852%\"><figure class=\"tiled-gallery__item\"><img decoding=\"async\" srcset=\"https:\/\/i2.wp.com\/drelindrelin.com\/wp-content\/uploads\/2024\/07\/GridArt_20240710_234636836-1024x1024.jpg?strip=info&#038;w=600&#038;ssl=1 600w,https:\/\/i2.wp.com\/drelindrelin.com\/wp-content\/uploads\/2024\/07\/GridArt_20240710_234636836-1024x1024.jpg?strip=info&#038;w=900&#038;ssl=1 900w,https:\/\/i2.wp.com\/drelindrelin.com\/wp-content\/uploads\/2024\/07\/GridArt_20240710_234636836-1024x1024.jpg?strip=info&#038;w=1200&#038;ssl=1 1200w,https:\/\/i2.wp.com\/drelindrelin.com\/wp-content\/uploads\/2024\/07\/GridArt_20240710_234636836-1024x1024.jpg?strip=info&#038;w=1500&#038;ssl=1 1500w,https:\/\/i2.wp.com\/drelindrelin.com\/wp-content\/uploads\/2024\/07\/GridArt_20240710_234636836-1024x1024.jpg?strip=info&#038;w=1800&#038;ssl=1 1800w,https:\/\/i2.wp.com\/drelindrelin.com\/wp-content\/uploads\/2024\/07\/GridArt_20240710_234636836-1024x1024.jpg?strip=info&#038;w=2000&#038;ssl=1 2000w\" alt=\"\" data-height=\"2560\" data-id=\"269\" data-link=\"https:\/\/drelindrelin.com\/gridart_20240710_234636836\/\" data-url=\"https:\/\/drelindrelin.com\/wp-content\/uploads\/2024\/07\/GridArt_20240710_234636836-1024x1024.jpg\" data-width=\"2560\" src=\"https:\/\/i2.wp.com\/drelindrelin.com\/wp-content\/uploads\/2024\/07\/GridArt_20240710_234636836-1024x1024.jpg?ssl=1\" data-amp-layout=\"responsive\"\/><\/figure><\/div><div class=\"tiled-gallery__col\" style=\"flex-basis:33.20148%\"><figure class=\"tiled-gallery__item\"><img decoding=\"async\" srcset=\"https:\/\/i1.wp.com\/drelindrelin.com\/wp-content\/uploads\/2024\/07\/GridArt_20240629_105427103-1024x1024.jpg?strip=info&#038;w=600&#038;ssl=1 600w,https:\/\/i1.wp.com\/drelindrelin.com\/wp-content\/uploads\/2024\/07\/GridArt_20240629_105427103-1024x1024.jpg?strip=info&#038;w=900&#038;ssl=1 900w,https:\/\/i1.wp.com\/drelindrelin.com\/wp-content\/uploads\/2024\/07\/GridArt_20240629_105427103-1024x1024.jpg?strip=info&#038;w=1200&#038;ssl=1 1200w,https:\/\/i1.wp.com\/drelindrelin.com\/wp-content\/uploads\/2024\/07\/GridArt_20240629_105427103-1024x1024.jpg?strip=info&#038;w=1500&#038;ssl=1 1500w,https:\/\/i1.wp.com\/drelindrelin.com\/wp-content\/uploads\/2024\/07\/GridArt_20240629_105427103-1024x1024.jpg?strip=info&#038;w=1800&#038;ssl=1 1800w,https:\/\/i1.wp.com\/drelindrelin.com\/wp-content\/uploads\/2024\/07\/GridArt_20240629_105427103-1024x1024.jpg?strip=info&#038;w=2000&#038;ssl=1 2000w\" alt=\"\" data-height=\"2560\" data-id=\"264\" data-link=\"https:\/\/drelindrelin.com\/gridart_20240629_105427103\/\" data-url=\"https:\/\/drelindrelin.com\/wp-content\/uploads\/2024\/07\/GridArt_20240629_105427103-1024x1024.jpg\" data-width=\"2560\" src=\"https:\/\/i1.wp.com\/drelindrelin.com\/wp-content\/uploads\/2024\/07\/GridArt_20240629_105427103-1024x1024.jpg?ssl=1\" data-amp-layout=\"responsive\"\/><\/figure><figure class=\"tiled-gallery__item\"><img decoding=\"async\" srcset=\"https:\/\/i0.wp.com\/drelindrelin.com\/wp-content\/uploads\/2024\/07\/IMG_20240629_103705-1024x1024.jpg?strip=info&#038;w=600&#038;ssl=1 600w,https:\/\/i0.wp.com\/drelindrelin.com\/wp-content\/uploads\/2024\/07\/IMG_20240629_103705-1024x1024.jpg?strip=info&#038;w=900&#038;ssl=1 900w,https:\/\/i0.wp.com\/drelindrelin.com\/wp-content\/uploads\/2024\/07\/IMG_20240629_103705-1024x1024.jpg?strip=info&#038;w=1200&#038;ssl=1 1200w,https:\/\/i0.wp.com\/drelindrelin.com\/wp-content\/uploads\/2024\/07\/IMG_20240629_103705-1024x1024.jpg?strip=info&#038;w=1500&#038;ssl=1 1500w,https:\/\/i0.wp.com\/drelindrelin.com\/wp-content\/uploads\/2024\/07\/IMG_20240629_103705-1024x1024.jpg?strip=info&#038;w=1800&#038;ssl=1 1800w,https:\/\/i0.wp.com\/drelindrelin.com\/wp-content\/uploads\/2024\/07\/IMG_20240629_103705-1024x1024.jpg?strip=info&#038;w=2000&#038;ssl=1 2000w\" alt=\"\" data-height=\"2560\" data-id=\"272\" data-link=\"https:\/\/drelindrelin.com\/img_20240629_103705\/\" data-url=\"https:\/\/drelindrelin.com\/wp-content\/uploads\/2024\/07\/IMG_20240629_103705-1024x1024.jpg\" data-width=\"2560\" src=\"https:\/\/i0.wp.com\/drelindrelin.com\/wp-content\/uploads\/2024\/07\/IMG_20240629_103705-1024x1024.jpg?ssl=1\" data-amp-layout=\"responsive\"\/><\/figure><\/div><\/div><\/div><\/div><\/div>","protected":false},"excerpt":{"rendered":"<p>Tout mes cuirs sont issus de surstocks, que je s\u00e9lectionne avec soin au sein de La Trouvaille, La R\u00e9serve des Arts ou encore Cuir de Paname.Cela me permet de travailler sur des cuirs d\u2019exceptions tout en ayant une d\u00e9marche de r\u00e9emploi de la mati\u00e8re premi\u00e8re. Cette technique consiste \u00e0 coller plusieurs morceaux de cuir bord [&hellip;]<\/p>\n","protected":false},"author":1,"featured_media":0,"parent":0,"menu_order":0,"comment_status":"closed","ping_status":"closed","template":"","meta":{"footnotes":""},"class_list":["post-259","page","type-page","status-publish","hentry"],"jetpack_sharing_enabled":true,"_links":{"self":[{"href":"https:\/\/drelindrelin.com\/index.php\/wp-json\/wp\/v2\/pages\/259","targetHints":{"allow":["GET"]}}],"collection":[{"href":"https:\/\/drelindrelin.com\/index.php\/wp-json\/wp\/v2\/pages"}],"about":[{"href":"https:\/\/drelindrelin.com\/index.php\/wp-json\/wp\/v2\/types\/page"}],"author":[{"embeddable":true,"href":"https:\/\/drelindrelin.com\/index.php\/wp-json\/wp\/v2\/users\/1"}],"replies":[{"embeddable":true,"href":"https:\/\/drelindrelin.com\/index.php\/wp-json\/wp\/v2\/comments?post=259"}],"version-history":[{"count":4,"href":"https:\/\/drelindrelin.com\/index.php\/wp-json\/wp\/v2\/pages\/259\/revisions"}],"predecessor-version":[{"id":284,"href":"https:\/\/drelindrelin.com\/index.php\/wp-json\/wp\/v2\/pages\/259\/revisions\/284"}],"wp:attachment":[{"href":"https:\/\/drelindrelin.com\/index.php\/wp-json\/wp\/v2\/media?parent=259"}],"curies":[{"name":"wp","href":"https:\/\/api.w.org\/{rel}","templated":true}]}}